{"id":564,"date":"2018-10-17T12:41:33","date_gmt":"2018-10-17T10:41:33","guid":{"rendered":"https:\/\/marcel2cv.de\/?page_id=564"},"modified":"2018-10-17T16:44:05","modified_gmt":"2018-10-17T14:44:05","slug":"sbf-knoten","status":"publish","type":"page","link":"https:\/\/marcel2cv.de\/?page_id=564","title":{"rendered":"SBF-Knoten"},"content":{"rendered":"<h1 id=\"ait\"><\/h1>\n<p>Auf jedem Boot braucht man Knoten. Auf manchen weniger (Motorboot), auf manchen mehr (Segelboot). Aber jedes Boot muss zumindest sicher festgemacht werden k\u00f6nnen. Und um sicherzustellen, dass Ihr das k\u00f6nnt, gibt es die Knotenpr\u00fcfung. Aber keine Sorge, Seemannsknoten haben (neben den Eigenschaften, dass sie bei Belastung sicher halten und sich danach wieder problemlos l\u00f6sen lassen) auch die Eigenschaft, leicht gesteckt oder geschlagen werden zu k\u00f6nnen (an Bord \u201ekn\u00fcpft\u201c man nicht). Auch hier macht \u00dcbung wieder den Meister.<\/p>\n<p>Die folgenden neun Knoten k\u00f6nnen in der Pr\u00fcfung abgefragt werden. Davon m\u00fcsst Ihr von bis zu sieben Knoten mindestens sechs richtig machen, um zu bestehen.<\/p>\n<p>1. Achtknoten<br \/>\n2. Kreuzknoten<br \/>\n3. Palstek<br \/>\n4. Einfacher oder doppelter Schotstek<br \/>\n5. Stopperstek<br \/>\n6. Webleinstek<br \/>\n7. Webleinstek auf Slip<br \/>\n8. Rundt\u00f6rn mit zwei halben Schl\u00e4gen<br \/>\n9. Belegen einer Klampe mit Kopfschlag<\/p>\n<p>Zus\u00e4tzlich wird der Pr\u00fcfer immer mal wieder fragen, wozu man den gefragten Knoten an Bord benutzt. Hier sollte man also auch in einem kurzen Satz die Anwendung erkl\u00e4ren k\u00f6nnen.<\/p>\n<p>Zum Lernen kann ich Euch wieder den Youtube-Kanal \u201e<a href=\"https:\/\/www.youtube.com\/channel\/UCzLju7gPaVVEEcbPvsCV_nA\" rel=\"noopener\" target=\"_blank\">Segeln<\/a>\u201c empfehlen. Ich finde es pers\u00f6nlich schwierig, Knoten anhand von Bildern zu lernen. Im Video sieht man einfach besser, wie es funktioniert. Noch besser ist \u00fcbrigens ein bereits erfahrener Kumpel, der einem die Knoten live zeigt. Ich hatte mein \u00dcbungstauwerk immer dabei und konnte so immer mal wieder zwischendurch nen schnellen Knoten stecken. So gehen die richtig in Fleisch und Blut \u00fcber.<\/p>\n<p>Ihr werdet sehen, mit ein bisschen \u00dcbung gehen Euch die Knoten bald ganz leicht von der Hand. Und Ihr werdet Euch bald auch au\u00dferhalb des Wassersports fragen, wie Ihr ohne diese tollen Knoten bisher durchs Leben gekommen seid. Es finden sich unz\u00e4hlbare Anwendungsm\u00f6glichkeiten.<\/p>\n<p>Wichtig ist noch eins: Die Knoten sind Teil der praktischen Pr\u00fcfung, auch wenn sie wie in unserem Fall am Standort der theoretischen gepr\u00fcft werden. Besteht Ihr die Knotenpr\u00fcfung nicht, ist die praktische Pr\u00fcfung nicht bestanden. Also flei\u00dfig \u00fcben, dann braucht Ihr Euch dar\u00fcber keinen Kopf machen.<\/p>\n<p>Weiter zur <a href=\"https:\/\/marcel2cv.de\/?page_id=573#ait\">Praxis<\/a>.<\/p>\n","protected":false},"excerpt":{"rendered":"<p>Auf jedem Boot braucht man Knoten. Auf manchen weniger (Motorboot), auf manchen mehr (Segelboot). Aber jedes Boot muss zumindest sicher festgemacht werden k\u00f6nnen. Und um sicherzustellen, dass Ihr das k\u00f6nnt,<a href=\"https:\/\/marcel2cv.de\/?page_id=564\" class=\"more-link\"><span class=\"more-button\">Continue reading<span class=\"screen-reader-text\">SBF-Knoten<\/span><\/span><\/a><\/p>\n","protected":false},"author":2,"featured_media":0,"parent":510,"menu_order":40,"comment_status":"closed","ping_status":"closed","template":"","meta":{"footnotes":""},"class_list":["post-564","page","type-page","status-publish","hentry"],"_links":{"self":[{"href":"https:\/\/marcel2cv.de\/index.php?rest_route=\/wp\/v2\/pages\/564","targetHints":{"allow":["GET"]}}],"collection":[{"href":"https:\/\/marcel2cv.de\/index.php?rest_route=\/wp\/v2\/pages"}],"about":[{"href":"https:\/\/marcel2cv.de\/index.php?rest_route=\/wp\/v2\/types\/page"}],"author":[{"embeddable":true,"href":"https:\/\/marcel2cv.de\/index.php?rest_route=\/wp\/v2\/users\/2"}],"replies":[{"embeddable":true,"href":"https:\/\/marcel2cv.de\/index.php?rest_route=%2Fwp%2Fv2%2Fcomments&post=564"}],"version-history":[{"count":5,"href":"https:\/\/marcel2cv.de\/index.php?rest_route=\/wp\/v2\/pages\/564\/revisions"}],"predecessor-version":[{"id":610,"href":"https:\/\/marcel2cv.de\/index.php?rest_route=\/wp\/v2\/pages\/564\/revisions\/610"}],"up":[{"embeddable":true,"href":"https:\/\/marcel2cv.de\/index.php?rest_route=\/wp\/v2\/pages\/510"}],"wp:attachment":[{"href":"https:\/\/marcel2cv.de\/index.php?rest_route=%2Fwp%2Fv2%2Fmedia&parent=564"}],"curies":[{"name":"wp","href":"https:\/\/api.w.org\/{rel}","templated":true}]}}