{"id":518,"date":"2018-10-16T12:21:06","date_gmt":"2018-10-16T10:21:06","guid":{"rendered":"https:\/\/marcel2cv.de\/?page_id=518"},"modified":"2018-10-17T12:13:19","modified_gmt":"2018-10-17T10:13:19","slug":"sbf-vorbereitungskurs","status":"publish","type":"page","link":"https:\/\/marcel2cv.de\/?page_id=518","title":{"rendered":"SBF-Vorbereitungskurs"},"content":{"rendered":"<h1 id=\"ait\"><\/h1>\n<p><strong>04.-05.03.2017<\/strong><\/p>\n<p>Endlich geht es los! An einem sch\u00f6nen Samstagmorgen trifft sich eine kleine Gruppe im Haus des Sports in M\u00fclheim zum Vorbereitungskurs auf den Sportbootf\u00fchrerschein See. Die Zusammensetzung der Gruppe ist wild gemischt, einige sind bisher nur z.B. beim Ehepartner als \u201eMitfahrer\u201c auf dem Wasser gewesen, andere haben schon den SBF Binnen (teils sogar schon ein eigenes Boot) und wollen diesen nur erweitern. Ich bin so irgendwo in der Mitte unterwegs. Nicht v\u00f6llig ahnungslos (auch weil ich schon ein bisschen vorgelernt habe), aber auch alles andere als erfahren. <\/p>\n<p>Kursleiter Thomas, im beruflichen Leben bei der Wasserschutzpolizei unterwegs, macht einen tollen Job. Nat\u00fcrlich kann er nicht den Stoff, f\u00fcr den man die n\u00e4chsten vier Wochen lernen muss, in zwei Tage pressen. Aber er schafft es, f\u00fcr alle eine gute Grundlage zu legen. Angereichert mit Anekdoten aus seinem reichen Erfahrungsschatz. Klasse!<\/p>\n<p>Am Ende des Wochenendes sind alle soweit, alleine weiterlernen zu k\u00f6nnen. <\/p>\n<p>Weiter zur <a href=\"https:\/\/marcel2cv.de\/?page_id=560#ait\">Lernphase<\/a>.<\/p>\n","protected":false},"excerpt":{"rendered":"<p>04.-05.03.2017 Endlich geht es los! An einem sch\u00f6nen Samstagmorgen trifft sich eine kleine Gruppe im Haus des Sports in M\u00fclheim zum Vorbereitungskurs auf den Sportbootf\u00fchrerschein See. Die Zusammensetzung der Gruppe<a href=\"https:\/\/marcel2cv.de\/?page_id=518\" class=\"more-link\"><span class=\"more-button\">Continue reading<span class=\"screen-reader-text\">SBF-Vorbereitungskurs<\/span><\/span><\/a><\/p>\n","protected":false},"author":2,"featured_media":0,"parent":510,"menu_order":20,"comment_status":"closed","ping_status":"closed","template":"","meta":{"footnotes":""},"class_list":["post-518","page","type-page","status-publish","hentry"],"_links":{"self":[{"href":"https:\/\/marcel2cv.de\/index.php?rest_route=\/wp\/v2\/pages\/518","targetHints":{"allow":["GET"]}}],"collection":[{"href":"https:\/\/marcel2cv.de\/index.php?rest_route=\/wp\/v2\/pages"}],"about":[{"href":"https:\/\/marcel2cv.de\/index.php?rest_route=\/wp\/v2\/types\/page"}],"author":[{"embeddable":true,"href":"https:\/\/marcel2cv.de\/index.php?rest_route=\/wp\/v2\/users\/2"}],"replies":[{"embeddable":true,"href":"https:\/\/marcel2cv.de\/index.php?rest_route=%2Fwp%2Fv2%2Fcomments&post=518"}],"version-history":[{"count":8,"href":"https:\/\/marcel2cv.de\/index.php?rest_route=\/wp\/v2\/pages\/518\/revisions"}],"predecessor-version":[{"id":562,"href":"https:\/\/marcel2cv.de\/index.php?rest_route=\/wp\/v2\/pages\/518\/revisions\/562"}],"up":[{"embeddable":true,"href":"https:\/\/marcel2cv.de\/index.php?rest_route=\/wp\/v2\/pages\/510"}],"wp:attachment":[{"href":"https:\/\/marcel2cv.de\/index.php?rest_route=%2Fwp%2Fv2%2Fmedia&parent=518"}],"curies":[{"name":"wp","href":"https:\/\/api.w.org\/{rel}","templated":true}]}}